{"id":10,"date":"2022-03-04T13:43:55","date_gmt":"2022-03-04T13:43:55","guid":{"rendered":"https:\/\/test.rosenhill.nu\/?page_id=10"},"modified":"2024-04-13T19:19:18","modified_gmt":"2024-04-13T19:19:18","slug":"ata-och-fika-hos-oss","status":"publish","type":"page","link":"https:\/\/rosenhill.nu\/index.php\/ata-och-fika-hos-oss\/","title":{"rendered":"\u00c4ta och Fika hos oss"},"content":{"rendered":"\n<div class=\"wp-block-columns is-layout-flex wp-container-core-columns-is-layout-9d6595d7 wp-block-columns-is-layout-flex\">\n<div class=\"wp-block-column is-layout-flow wp-block-column-is-layout-flow\" style=\"flex-basis:100%\">\n<div class=\"wp-block-columns is-layout-flex wp-container-core-columns-is-layout-9d6595d7 wp-block-columns-is-layout-flex\">\n<div class=\"wp-block-column is-layout-flow wp-block-column-is-layout-flow\" style=\"flex-basis:100%\">\n<figure class=\"wp-block-gallery has-nested-images columns-default is-cropped wp-block-gallery-1 is-layout-flex wp-block-gallery-is-layout-flex\">\n<figure class=\"wp-block-image size-large\"><img loading=\"lazy\" decoding=\"async\" width=\"819\" height=\"1024\" data-id=\"459\" src=\"https:\/\/rosenhill.nu\/wp-content\/uploads\/2022\/08\/296398969_5213941262022790_4672059658722234691_n-819x1024.jpg\" alt=\"\" class=\"wp-image-459\" srcset=\"https:\/\/rosenhill.nu\/wp-content\/uploads\/2022\/08\/296398969_5213941262022790_4672059658722234691_n-819x1024.jpg 819w, https:\/\/rosenhill.nu\/wp-content\/uploads\/2022\/08\/296398969_5213941262022790_4672059658722234691_n-240x300.jpg 240w, https:\/\/rosenhill.nu\/wp-content\/uploads\/2022\/08\/296398969_5213941262022790_4672059658722234691_n-768x960.jpg 768w, https:\/\/rosenhill.nu\/wp-content\/uploads\/2022\/08\/296398969_5213941262022790_4672059658722234691_n-1229x1536.jpg 1229w, https:\/\/rosenhill.nu\/wp-content\/uploads\/2022\/08\/296398969_5213941262022790_4672059658722234691_n.jpg 1440w\" sizes=\"auto, (max-width: 767px) 89vw, (max-width: 1000px) 54vw, (max-width: 1071px) 543px, 580px\" \/><\/figure>\n\n\n\n<figure class=\"wp-block-image size-large\"><img loading=\"lazy\" decoding=\"async\" width=\"819\" height=\"1024\" data-id=\"460\" src=\"https:\/\/rosenhill.nu\/wp-content\/uploads\/2022\/08\/298065348_5233118486771734_2031609388661967804_n-819x1024.jpg\" alt=\"\" class=\"wp-image-460\" srcset=\"https:\/\/rosenhill.nu\/wp-content\/uploads\/2022\/08\/298065348_5233118486771734_2031609388661967804_n-819x1024.jpg 819w, https:\/\/rosenhill.nu\/wp-content\/uploads\/2022\/08\/298065348_5233118486771734_2031609388661967804_n-240x300.jpg 240w, https:\/\/rosenhill.nu\/wp-content\/uploads\/2022\/08\/298065348_5233118486771734_2031609388661967804_n-768x960.jpg 768w, https:\/\/rosenhill.nu\/wp-content\/uploads\/2022\/08\/298065348_5233118486771734_2031609388661967804_n.jpg 1080w\" sizes=\"auto, (max-width: 767px) 89vw, (max-width: 1000px) 54vw, (max-width: 1071px) 543px, 580px\" \/><\/figure>\n<\/figure>\n<\/div>\n<\/div>\n<\/div>\n<\/div>\n\n\n\n<h2 class=\"wp-block-heading\">Underbar mat<\/h2>\n\n\n\n<p>Rosenhills k\u00f6k och caf\u00e9 drivs av BondenKocken. Vi lagar maten fr\u00e5n grunden, bakar egen surdegsbr\u00f6d, ystar p\u00e5 plats, g\u00f6r egen glass &amp; bakar all fika sj\u00e4lva. Vi serverar mat med fokus p\u00e5 vad s\u00e4songen ger och f\u00f6rst\u00e5s ocks\u00e5 p\u00e5 att ha mycket ekologiska r\u00e5varor. Vi serverar b\u00e5de vegetariskt och k\u00f6tt. Det brukar ocks\u00e5 finnas n\u00e5got f\u00f6r er med specialkost, med glutenfria &amp; veganska alternativer. Till barnen har vi alltid pannkakor, enkel surdegsmacka &amp; varmkorv.  <\/p>\n\n\n\n<figure class=\"wp-block-gallery has-nested-images columns-default is-cropped wp-block-gallery-2 is-layout-flex wp-block-gallery-is-layout-flex\">\n<figure class=\"wp-block-image size-large\"><img loading=\"lazy\" decoding=\"async\" width=\"640\" height=\"640\" data-id=\"14\" src=\"https:\/\/test.rosenhill.nu\/wp-content\/uploads\/2022\/03\/cafe4.jpg\" alt=\"\" class=\"wp-image-14\" srcset=\"https:\/\/rosenhill.nu\/wp-content\/uploads\/2022\/03\/cafe4.jpg 640w, https:\/\/rosenhill.nu\/wp-content\/uploads\/2022\/03\/cafe4-300x300.jpg 300w, https:\/\/rosenhill.nu\/wp-content\/uploads\/2022\/03\/cafe4-150x150.jpg 150w\" sizes=\"auto, (max-width: 640px) 100vw, 640px\" \/><figcaption>Mat till vardags och till fest!<\/figcaption><\/figure>\n\n\n\n<figure class=\"wp-block-image size-large\"><img loading=\"lazy\" decoding=\"async\" width=\"640\" height=\"640\" data-id=\"15\" src=\"https:\/\/test.rosenhill.nu\/wp-content\/uploads\/2022\/03\/cafe5.jpg\" alt=\"\" class=\"wp-image-15\" srcset=\"https:\/\/rosenhill.nu\/wp-content\/uploads\/2022\/03\/cafe5.jpg 640w, https:\/\/rosenhill.nu\/wp-content\/uploads\/2022\/03\/cafe5-300x300.jpg 300w, https:\/\/rosenhill.nu\/wp-content\/uploads\/2022\/03\/cafe5-150x150.jpg 150w\" sizes=\"auto, (max-width: 640px) 100vw, 640px\" \/><figcaption>Stekost fr\u00e5n BondenKocken<\/figcaption><\/figure>\n<\/figure>\n\n\n\n<h2 class=\"wp-block-heading\">R\u00e5varor direkt fr\u00e5n g\u00e5rden<\/h2>\n\n\n\n<p>R\u00e5varorna kommer under s\u00e4song i h\u00f6g utstr\u00e4ckning fr\u00e5n v\u00e5r egen KRAV-godk\u00e4nda tr\u00e4dg\u00e5rd och skogarna runt om. Dessutom samarbetar vi med g\u00e5rdar i n\u00e4romr\u00e5det, som Lov\u00f6 Pr\u00e4stg\u00e5rd (Drottningholm), Noble Farming (Adels\u00f6) &amp; Bona G\u00e5rd (Muns\u00f6). BondenKocken g\u00f6r \u00e4ven egen ost &amp; glass p\u00e5 plats, p\u00e5 mj\u00f6lk fr\u00e5n Lov\u00f6 Pr\u00e4stg\u00e5rd. Till ex. den ber\u00f6mde stekosten som ni hittar i v\u00e5r stekostburgare, eller kardemummaostkaka. Till sommaren kommer \u00e4ven en glasskiosk med v\u00e5r egna glass, allt gjort &#8217;in-house&#8217;.<br>V\u00e5r meny \u00e4ndras allt efter \u00e5rstiden men du kan f\u00f6rv\u00e4nta dig n\u00e5gra rej\u00e4la varmr\u00e4tter, sm\u00f6rg\u00e5sar, dagens soppa, ofta sallad samt pannkakor och varmkorv.<\/p>\n\n\n\n<figure class=\"wp-block-gallery has-nested-images columns-default is-cropped wp-block-gallery-3 is-layout-flex wp-block-gallery-is-layout-flex\">\n<figure class=\"wp-block-image size-large\"><img loading=\"lazy\" decoding=\"async\" width=\"640\" height=\"640\" data-id=\"17\" src=\"https:\/\/test.rosenhill.nu\/wp-content\/uploads\/2022\/03\/cafe2.jpg\" alt=\"\" class=\"wp-image-17\" srcset=\"https:\/\/rosenhill.nu\/wp-content\/uploads\/2022\/03\/cafe2.jpg 640w, https:\/\/rosenhill.nu\/wp-content\/uploads\/2022\/03\/cafe2-300x300.jpg 300w, https:\/\/rosenhill.nu\/wp-content\/uploads\/2022\/03\/cafe2-150x150.jpg 150w\" sizes=\"auto, (max-width: 640px) 100vw, 640px\" \/><figcaption>Njut av v\u00e4rmen i v\u00e5r mysh\u00f6rna<\/figcaption><\/figure>\n\n\n\n<figure class=\"wp-block-image size-large\"><img loading=\"lazy\" decoding=\"async\" width=\"640\" height=\"640\" data-id=\"16\" src=\"https:\/\/test.rosenhill.nu\/wp-content\/uploads\/2022\/03\/cafe1.jpg\" alt=\"\" class=\"wp-image-16\" srcset=\"https:\/\/rosenhill.nu\/wp-content\/uploads\/2022\/03\/cafe1.jpg 640w, https:\/\/rosenhill.nu\/wp-content\/uploads\/2022\/03\/cafe1-300x300.jpg 300w, https:\/\/rosenhill.nu\/wp-content\/uploads\/2022\/03\/cafe1-150x150.jpg 150w\" sizes=\"auto, (max-width: 640px) 100vw, 640px\" \/><figcaption>Eller njut av maten i v\u00e5r tr\u00e4dg\u00e5rd<\/figcaption><\/figure>\n<\/figure>\n\n\n\n<h2 class=\"wp-block-heading\">Njut av din m\u00e5ltid<\/h2>\n\n\n\n<p>Du kan sitta och \u00e4ta i v\u00e5r mysiga lada eller var som helst i v\u00e5r sprudlande vackra tr\u00e4dg\u00e5rd. Eller hitta en plats som passar just dig, vare sig det \u00e4r en vacker utsiktsplats eller en avkopplande del av tr\u00e4dg\u00e5rden. Ta god tid p\u00e5 dig och njut av lunchen med t.ex. ett glas vin eller en lokal \u00f6l. Kom upp igen och fyll p\u00e5 med fika o kaka och \u00e5k hem m\u00e4tt o n\u00f6jd, kanske med en surdegslimpa och en kasse fr\u00e4scha gr\u00f6nsaker. Du kan f\u00f6rst\u00e5s ocks\u00e5 komma och k\u00f6pa med dig en r\u00e4tt i en \u201dtake-away\u201d-box.<\/p>\n","protected":false},"excerpt":{"rendered":"<p>Underbar mat Rosenhills k\u00f6k och caf\u00e9 drivs av BondenKocken. Vi lagar maten fr\u00e5n grunden, bakar egen surdegsbr\u00f6d, ystar p\u00e5 plats, g\u00f6r egen glass &amp; bakar all fika sj\u00e4lva. Vi serverar mat med fokus p\u00e5 vad s\u00e4songen ger och f\u00f6rst\u00e5s ocks\u00e5 p\u00e5 att ha mycket ekologiska r\u00e5varor. Vi serverar b\u00e5de vegetariskt och k\u00f6tt. Det brukar ocks\u00e5 &hellip; <\/p>\n<p class=\"link-more\"><a href=\"https:\/\/rosenhill.nu\/index.php\/ata-och-fika-hos-oss\/\" class=\"more-link\">Continue reading<span class=\"screen-reader-text\"> &#8221;\u00c4ta och Fika hos oss&#8221;<\/span><\/a><\/p>\n","protected":false},"author":1,"featured_media":0,"parent":0,"menu_order":0,"comment_status":"closed","ping_status":"closed","template":"","meta":{"footnotes":""},"class_list":["post-10","page","type-page","status-publish","hentry"],"yoast_head":"<!-- This site is optimized with the Yoast SEO plugin v27.3 - https:\/\/yoast.com\/product\/yoast-seo-wordpress\/ -->\n<title>\u00c4ta och Fika hos oss - Rosenhills Tr\u00e4dg\u00e5rd<\/title>\n<meta name=\"robots\" content=\"index, follow, max-snippet:-1, max-image-preview:large, max-video-preview:-1\" \/>\n<link rel=\"canonical\" href=\"https:\/\/rosenhill.nu\/index.php\/ata-och-fika-hos-oss\/\" \/>\n<meta property=\"og:locale\" content=\"sv_SE\" \/>\n<meta property=\"og:type\" content=\"article\" \/>\n<meta property=\"og:title\" content=\"\u00c4ta och Fika hos oss - Rosenhills Tr\u00e4dg\u00e5rd\" \/>\n<meta property=\"og:description\" content=\"Underbar mat Rosenhills k\u00f6k och caf\u00e9 drivs av BondenKocken. Vi lagar maten fr\u00e5n grunden, bakar egen surdegsbr\u00f6d, ystar p\u00e5 plats, g\u00f6r egen glass &amp; bakar all fika sj\u00e4lva. Vi serverar mat med fokus p\u00e5 vad s\u00e4songen ger och f\u00f6rst\u00e5s ocks\u00e5 p\u00e5 att ha mycket ekologiska r\u00e5varor. Vi serverar b\u00e5de vegetariskt och k\u00f6tt. Det brukar ocks\u00e5 &hellip; Continue reading &quot;\u00c4ta och Fika hos oss&quot;\" \/>\n<meta property=\"og:url\" content=\"https:\/\/rosenhill.nu\/index.php\/ata-och-fika-hos-oss\/\" \/>\n<meta property=\"og:site_name\" content=\"Rosenhills Tr\u00e4dg\u00e5rd\" \/>\n<meta property=\"article:modified_time\" content=\"2024-04-13T19:19:18+00:00\" \/>\n<meta property=\"og:image\" content=\"https:\/\/rosenhill.nu\/wp-content\/uploads\/2022\/08\/296398969_5213941262022790_4672059658722234691_n-819x1024.jpg\" \/>\n<meta name=\"twitter:card\" content=\"summary_large_image\" \/>\n<meta name=\"twitter:label1\" content=\"Ber\u00e4knad l\u00e4stid\" \/>\n\t<meta name=\"twitter:data1\" content=\"3 minuter\" \/>\n<script type=\"application\/ld+json\" class=\"yoast-schema-graph\">{\"@context\":\"https:\\\/\\\/schema.org\",\"@graph\":[{\"@type\":\"WebPage\",\"@id\":\"https:\\\/\\\/rosenhill.nu\\\/index.php\\\/ata-och-fika-hos-oss\\\/\",\"url\":\"https:\\\/\\\/rosenhill.nu\\\/index.php\\\/ata-och-fika-hos-oss\\\/\",\"name\":\"\u00c4ta och Fika hos oss - Rosenhills Tr\u00e4dg\u00e5rd\",\"isPartOf\":{\"@id\":\"https:\\\/\\\/rosenhill.nu\\\/#website\"},\"primaryImageOfPage\":{\"@id\":\"https:\\\/\\\/rosenhill.nu\\\/index.php\\\/ata-och-fika-hos-oss\\\/#primaryimage\"},\"image\":{\"@id\":\"https:\\\/\\\/rosenhill.nu\\\/index.php\\\/ata-och-fika-hos-oss\\\/#primaryimage\"},\"thumbnailUrl\":\"https:\\\/\\\/rosenhill.nu\\\/wp-content\\\/uploads\\\/2022\\\/08\\\/296398969_5213941262022790_4672059658722234691_n-819x1024.jpg\",\"datePublished\":\"2022-03-04T13:43:55+00:00\",\"dateModified\":\"2024-04-13T19:19:18+00:00\",\"breadcrumb\":{\"@id\":\"https:\\\/\\\/rosenhill.nu\\\/index.php\\\/ata-och-fika-hos-oss\\\/#breadcrumb\"},\"inLanguage\":\"sv-SE\",\"potentialAction\":[{\"@type\":\"ReadAction\",\"target\":[\"https:\\\/\\\/rosenhill.nu\\\/index.php\\\/ata-och-fika-hos-oss\\\/\"]}]},{\"@type\":\"ImageObject\",\"inLanguage\":\"sv-SE\",\"@id\":\"https:\\\/\\\/rosenhill.nu\\\/index.php\\\/ata-och-fika-hos-oss\\\/#primaryimage\",\"url\":\"https:\\\/\\\/rosenhill.nu\\\/wp-content\\\/uploads\\\/2022\\\/08\\\/296398969_5213941262022790_4672059658722234691_n.jpg\",\"contentUrl\":\"https:\\\/\\\/rosenhill.nu\\\/wp-content\\\/uploads\\\/2022\\\/08\\\/296398969_5213941262022790_4672059658722234691_n.jpg\",\"width\":1440,\"height\":1800},{\"@type\":\"BreadcrumbList\",\"@id\":\"https:\\\/\\\/rosenhill.nu\\\/index.php\\\/ata-och-fika-hos-oss\\\/#breadcrumb\",\"itemListElement\":[{\"@type\":\"ListItem\",\"position\":1,\"name\":\"Hem\",\"item\":\"https:\\\/\\\/rosenhill.nu\\\/\"},{\"@type\":\"ListItem\",\"position\":2,\"name\":\"\u00c4ta och Fika hos oss\"}]},{\"@type\":\"WebSite\",\"@id\":\"https:\\\/\\\/rosenhill.nu\\\/#website\",\"url\":\"https:\\\/\\\/rosenhill.nu\\\/\",\"name\":\"Rosenhills Tr\u00e4dg\u00e5rd\",\"description\":\"Nu \u00f6ppnar vi igen! Fr\u00e5n och med p\u00e5skhelgen h\u00e5ller vi \u00f6ppet fredag - s\u00f6ndag mellan kl 11 och 17. Fr\u00e5n midsommar tisdag - s\u00f6ndag samma klockslag men med kv\u00e4llsevenemang. V\u00e4lkomna allts\u00e5 fr\u00e5n den 3e april.\",\"potentialAction\":[{\"@type\":\"SearchAction\",\"target\":{\"@type\":\"EntryPoint\",\"urlTemplate\":\"https:\\\/\\\/rosenhill.nu\\\/?s={search_term_string}\"},\"query-input\":{\"@type\":\"PropertyValueSpecification\",\"valueRequired\":true,\"valueName\":\"search_term_string\"}}],\"inLanguage\":\"sv-SE\"}]}<\/script>\n<!-- \/ Yoast SEO plugin. -->","yoast_head_json":{"title":"\u00c4ta och Fika hos oss - Rosenhills Tr\u00e4dg\u00e5rd","robots":{"index":"index","follow":"follow","max-snippet":"max-snippet:-1","max-image-preview":"max-image-preview:large","max-video-preview":"max-video-preview:-1"},"canonical":"https:\/\/rosenhill.nu\/index.php\/ata-och-fika-hos-oss\/","og_locale":"sv_SE","og_type":"article","og_title":"\u00c4ta och Fika hos oss - Rosenhills Tr\u00e4dg\u00e5rd","og_description":"Underbar mat Rosenhills k\u00f6k och caf\u00e9 drivs av BondenKocken. Vi lagar maten fr\u00e5n grunden, bakar egen surdegsbr\u00f6d, ystar p\u00e5 plats, g\u00f6r egen glass &amp; bakar all fika sj\u00e4lva. Vi serverar mat med fokus p\u00e5 vad s\u00e4songen ger och f\u00f6rst\u00e5s ocks\u00e5 p\u00e5 att ha mycket ekologiska r\u00e5varor. Vi serverar b\u00e5de vegetariskt och k\u00f6tt. Det brukar ocks\u00e5 &hellip; Continue reading \"\u00c4ta och Fika hos oss\"","og_url":"https:\/\/rosenhill.nu\/index.php\/ata-och-fika-hos-oss\/","og_site_name":"Rosenhills Tr\u00e4dg\u00e5rd","article_modified_time":"2024-04-13T19:19:18+00:00","og_image":[{"url":"https:\/\/rosenhill.nu\/wp-content\/uploads\/2022\/08\/296398969_5213941262022790_4672059658722234691_n-819x1024.jpg","type":"","width":"","height":""}],"twitter_card":"summary_large_image","twitter_misc":{"Ber\u00e4knad l\u00e4stid":"3 minuter"},"schema":{"@context":"https:\/\/schema.org","@graph":[{"@type":"WebPage","@id":"https:\/\/rosenhill.nu\/index.php\/ata-och-fika-hos-oss\/","url":"https:\/\/rosenhill.nu\/index.php\/ata-och-fika-hos-oss\/","name":"\u00c4ta och Fika hos oss - Rosenhills Tr\u00e4dg\u00e5rd","isPartOf":{"@id":"https:\/\/rosenhill.nu\/#website"},"primaryImageOfPage":{"@id":"https:\/\/rosenhill.nu\/index.php\/ata-och-fika-hos-oss\/#primaryimage"},"image":{"@id":"https:\/\/rosenhill.nu\/index.php\/ata-och-fika-hos-oss\/#primaryimage"},"thumbnailUrl":"https:\/\/rosenhill.nu\/wp-content\/uploads\/2022\/08\/296398969_5213941262022790_4672059658722234691_n-819x1024.jpg","datePublished":"2022-03-04T13:43:55+00:00","dateModified":"2024-04-13T19:19:18+00:00","breadcrumb":{"@id":"https:\/\/rosenhill.nu\/index.php\/ata-och-fika-hos-oss\/#breadcrumb"},"inLanguage":"sv-SE","potentialAction":[{"@type":"ReadAction","target":["https:\/\/rosenhill.nu\/index.php\/ata-och-fika-hos-oss\/"]}]},{"@type":"ImageObject","inLanguage":"sv-SE","@id":"https:\/\/rosenhill.nu\/index.php\/ata-och-fika-hos-oss\/#primaryimage","url":"https:\/\/rosenhill.nu\/wp-content\/uploads\/2022\/08\/296398969_5213941262022790_4672059658722234691_n.jpg","contentUrl":"https:\/\/rosenhill.nu\/wp-content\/uploads\/2022\/08\/296398969_5213941262022790_4672059658722234691_n.jpg","width":1440,"height":1800},{"@type":"BreadcrumbList","@id":"https:\/\/rosenhill.nu\/index.php\/ata-och-fika-hos-oss\/#breadcrumb","itemListElement":[{"@type":"ListItem","position":1,"name":"Hem","item":"https:\/\/rosenhill.nu\/"},{"@type":"ListItem","position":2,"name":"\u00c4ta och Fika hos oss"}]},{"@type":"WebSite","@id":"https:\/\/rosenhill.nu\/#website","url":"https:\/\/rosenhill.nu\/","name":"Rosenhills Tr\u00e4dg\u00e5rd","description":"Nu \u00f6ppnar vi igen! Fr\u00e5n och med p\u00e5skhelgen h\u00e5ller vi \u00f6ppet fredag - s\u00f6ndag mellan kl 11 och 17. Fr\u00e5n midsommar tisdag - s\u00f6ndag samma klockslag men med kv\u00e4llsevenemang. V\u00e4lkomna allts\u00e5 fr\u00e5n den 3e april.","potentialAction":[{"@type":"SearchAction","target":{"@type":"EntryPoint","urlTemplate":"https:\/\/rosenhill.nu\/?s={search_term_string}"},"query-input":{"@type":"PropertyValueSpecification","valueRequired":true,"valueName":"search_term_string"}}],"inLanguage":"sv-SE"}]}},"_links":{"self":[{"href":"https:\/\/rosenhill.nu\/index.php\/wp-json\/wp\/v2\/pages\/10","targetHints":{"allow":["GET"]}}],"collection":[{"href":"https:\/\/rosenhill.nu\/index.php\/wp-json\/wp\/v2\/pages"}],"about":[{"href":"https:\/\/rosenhill.nu\/index.php\/wp-json\/wp\/v2\/types\/page"}],"author":[{"embeddable":true,"href":"https:\/\/rosenhill.nu\/index.php\/wp-json\/wp\/v2\/users\/1"}],"replies":[{"embeddable":true,"href":"https:\/\/rosenhill.nu\/index.php\/wp-json\/wp\/v2\/comments?post=10"}],"version-history":[{"count":6,"href":"https:\/\/rosenhill.nu\/index.php\/wp-json\/wp\/v2\/pages\/10\/revisions"}],"predecessor-version":[{"id":931,"href":"https:\/\/rosenhill.nu\/index.php\/wp-json\/wp\/v2\/pages\/10\/revisions\/931"}],"wp:attachment":[{"href":"https:\/\/rosenhill.nu\/index.php\/wp-json\/wp\/v2\/media?parent=10"}],"curies":[{"name":"wp","href":"https:\/\/api.w.org\/{rel}","templated":true}]}}