{"id":345,"date":"2022-07-04T09:50:51","date_gmt":"2022-07-04T09:50:51","guid":{"rendered":"https:\/\/rosenhill.nu\/?page_id=345"},"modified":"2024-04-11T12:47:29","modified_gmt":"2024-04-11T12:47:29","slug":"prislista-lokaluthyrning","status":"publish","type":"page","link":"https:\/\/rosenhill.nu\/index.php\/prislista-lokaluthyrning\/","title":{"rendered":"PRISLISTA LOKALUTHYRNING"},"content":{"rendered":"\n<p><br>OBS: f\u00f6r br\u00f6llop har vi en separat prislista<br>Ta g\u00e4rna kontakt med oss om ni \u00e4r intresserade av att hyra v\u00e5ra lokaler. Vi kan vara<br>flexibla beroende p\u00e5 vad det \u00e4r f\u00f6r tillst\u00e4llning, \u00f6nskem\u00e5l osv.<\/p>\n\n\n\n<p><br><strong>LADAN &amp; innerg\u00e5rd<\/strong> kapacitet: 100 personer sittandes. 150 personer utan bordsplacering.<br>20 000 kr. (F\u00f6r br\u00f6llop se br\u00f6llopsguide) (Bara kv\u00e4llar 17.00 &#8211; 01.00)<br>Ing\u00e5r: Unik grundinredning med bord, stolar, f\u00e5t\u00f6ljer och soffor, porslin och glas, personal och<br>st\u00e4dning.<br>Musikanl\u00e4ggning kan l\u00e4ggas till mot kostnad.<br>M\u00f6jligt med liveband och\/eller discjockey.<\/p>\n\n\n\n<p>Handikappanpassad. <\/p>\n\n\n\n<p>Ladan &amp; innerg\u00e5rden passart utm\u00e4rkt f\u00f6r br\u00f6llop, stora fester &amp; middagar, spelningar, mingelkv\u00e4llar, f\u00f6retagsevent och privat event av alla slag. <\/p>\n\n\n\n<p><br><strong>STORA V\u00c4XTHUSET<\/strong> kapacitet 60 personer sittandes.<br>6000 kr (Hela dagen &amp; kv\u00e4llen)<br>eller 1000 kr\/timme<br>Obs. att det inte ing\u00e5r n\u00e5gon utsmyckning av lokalen. Bord och stolar finns att l\u00e5na<br>\u00c5terst\u00e4llning och st\u00e4dning fixar ni eller hyr den tj\u00e4nsten av oss.<br>Musikanl\u00e4ggning kan l\u00e4ggas till mot kostnad.<br>M\u00f6jligt med liveband och\/eller discjockey.<\/p>\n\n\n\n<p>Stora v\u00e4xthuset passar perfekt f\u00f6r workshops, yoga\/tr\u00e4ningspass eller olika aktiviteter. Det \u00e4r inte m\u00f6jligt f\u00f6r oss att servera mat eller dryck i stora v\u00e4xthuset, men vi kan s\u00e5klart kombinera eran event med mat &amp; dryck serverad uppe p\u00e5 inneg\u00e5rden eller i ladan.<\/p>\n\n\n\n<p><br><strong>LILLA GLAS V\u00c4XTHUSET<\/strong> kapacitet 40 personer.<br>Dag tis &#8211; tors 4000 kr \/ Dag fre &#8211; s\u00f6n 6000 kr<br>Kv\u00e4ll tis &#8211; tors 7000 kr \/ Kv\u00e4ll fre-s\u00f6n 9000kr<\/p>\n\n\n\n<p>minimum 25 personer p\u00e5 kv\u00e4llar &amp; helger (fre-s\u00f6n) om vi ska servera mat &amp; dryck<br>Ing\u00e5r: Unik grundinredning med bord, stolar och soffor, porslin, glas &amp; bestick,<br>st\u00e4dning.<br>Musikanl\u00e4ggning kan l\u00e4ggas till mot kostnad.<\/p>\n\n\n\n<p><br>Vi har \u00e4ven v\u00e5rt <strong>yogatempel<\/strong> som g\u00e5r att hyra. Speciellt passande f\u00f6r mindre<br>workshops och yoga\/meditationsklasser.<br>1500 kr (Hela dagen &amp; kv\u00e4llen).<\/p>\n\n\n\n<p><br><strong>Det \u00e4r ej m\u00f6jligt att ta med sig egen mat eller alkohol p\u00e5 Rosenhill. <\/strong><\/p>\n\n\n\n<p><strong>Om alkohol ska serveras kr\u00e4vs att Rosenhill<br>\u00e4ven serverar mat. Kontakta oss f\u00f6r dryckespriser.<br>Maila oss g\u00e4rna s\u00e5 kan vi diskutera vidare.<\/strong><\/p>\n","protected":false},"excerpt":{"rendered":"<p>OBS: f\u00f6r br\u00f6llop har vi en separat prislistaTa g\u00e4rna kontakt med oss om ni \u00e4r intresserade av att hyra v\u00e5ra lokaler. Vi kan varaflexibla beroende p\u00e5 vad det \u00e4r f\u00f6r tillst\u00e4llning, \u00f6nskem\u00e5l osv. LADAN &amp; innerg\u00e5rd kapacitet: 100 personer sittandes. 150 personer utan bordsplacering.20 000 kr. (F\u00f6r br\u00f6llop se br\u00f6llopsguide) (Bara kv\u00e4llar 17.00 &#8211; 01.00)Ing\u00e5r: &hellip; <\/p>\n<p class=\"link-more\"><a href=\"https:\/\/rosenhill.nu\/index.php\/prislista-lokaluthyrning\/\" class=\"more-link\">Continue reading<span class=\"screen-reader-text\"> &#8221;PRISLISTA LOKALUTHYRNING&#8221;<\/span><\/a><\/p>\n","protected":false},"author":1,"featured_media":0,"parent":0,"menu_order":0,"comment_status":"closed","ping_status":"closed","template":"","meta":{"footnotes":""},"class_list":["post-345","page","type-page","status-publish","hentry"],"yoast_head":"<!-- This site is optimized with the Yoast SEO plugin v27.4 - https:\/\/yoast.com\/product\/yoast-seo-wordpress\/ -->\n<title>PRISLISTA LOKALUTHYRNING - Rosenhills Tr\u00e4dg\u00e5rd<\/title>\n<meta name=\"robots\" content=\"index, follow, max-snippet:-1, max-image-preview:large, max-video-preview:-1\" \/>\n<link rel=\"canonical\" href=\"https:\/\/rosenhill.nu\/index.php\/prislista-lokaluthyrning\/\" \/>\n<meta property=\"og:locale\" content=\"sv_SE\" \/>\n<meta property=\"og:type\" content=\"article\" \/>\n<meta property=\"og:title\" content=\"PRISLISTA LOKALUTHYRNING - Rosenhills Tr\u00e4dg\u00e5rd\" \/>\n<meta property=\"og:description\" content=\"OBS: f\u00f6r br\u00f6llop har vi en separat prislistaTa g\u00e4rna kontakt med oss om ni \u00e4r intresserade av att hyra v\u00e5ra lokaler. Vi kan varaflexibla beroende p\u00e5 vad det \u00e4r f\u00f6r tillst\u00e4llning, \u00f6nskem\u00e5l osv. LADAN &amp; innerg\u00e5rd kapacitet: 100 personer sittandes. 150 personer utan bordsplacering.20 000 kr. (F\u00f6r br\u00f6llop se br\u00f6llopsguide) (Bara kv\u00e4llar 17.00 &#8211; 01.00)Ing\u00e5r: &hellip; Continue reading &quot;PRISLISTA LOKALUTHYRNING&quot;\" \/>\n<meta property=\"og:url\" content=\"https:\/\/rosenhill.nu\/index.php\/prislista-lokaluthyrning\/\" \/>\n<meta property=\"og:site_name\" content=\"Rosenhills Tr\u00e4dg\u00e5rd\" \/>\n<meta property=\"article:modified_time\" content=\"2024-04-11T12:47:29+00:00\" \/>\n<meta name=\"twitter:card\" content=\"summary_large_image\" \/>\n<meta name=\"twitter:label1\" content=\"Ber\u00e4knad l\u00e4stid\" \/>\n\t<meta name=\"twitter:data1\" content=\"2 minuter\" \/>\n<script type=\"application\/ld+json\" class=\"yoast-schema-graph\">{\"@context\":\"https:\\\/\\\/schema.org\",\"@graph\":[{\"@type\":\"WebPage\",\"@id\":\"https:\\\/\\\/rosenhill.nu\\\/index.php\\\/prislista-lokaluthyrning\\\/\",\"url\":\"https:\\\/\\\/rosenhill.nu\\\/index.php\\\/prislista-lokaluthyrning\\\/\",\"name\":\"PRISLISTA LOKALUTHYRNING - Rosenhills Tr\u00e4dg\u00e5rd\",\"isPartOf\":{\"@id\":\"https:\\\/\\\/rosenhill.nu\\\/#website\"},\"datePublished\":\"2022-07-04T09:50:51+00:00\",\"dateModified\":\"2024-04-11T12:47:29+00:00\",\"breadcrumb\":{\"@id\":\"https:\\\/\\\/rosenhill.nu\\\/index.php\\\/prislista-lokaluthyrning\\\/#breadcrumb\"},\"inLanguage\":\"sv-SE\",\"potentialAction\":[{\"@type\":\"ReadAction\",\"target\":[\"https:\\\/\\\/rosenhill.nu\\\/index.php\\\/prislista-lokaluthyrning\\\/\"]}]},{\"@type\":\"BreadcrumbList\",\"@id\":\"https:\\\/\\\/rosenhill.nu\\\/index.php\\\/prislista-lokaluthyrning\\\/#breadcrumb\",\"itemListElement\":[{\"@type\":\"ListItem\",\"position\":1,\"name\":\"Hem\",\"item\":\"https:\\\/\\\/rosenhill.nu\\\/\"},{\"@type\":\"ListItem\",\"position\":2,\"name\":\"PRISLISTA LOKALUTHYRNING\"}]},{\"@type\":\"WebSite\",\"@id\":\"https:\\\/\\\/rosenhill.nu\\\/#website\",\"url\":\"https:\\\/\\\/rosenhill.nu\\\/\",\"name\":\"Rosenhills Tr\u00e4dg\u00e5rd\",\"description\":\"Nu h\u00e5ller vi \u00f6ppet fredag - s\u00f6ndag mellan kl 11 och 17. Valborgsm\u00e4ssoafton fr\u00e5n kl 18. Fr\u00e5n midsommar tisdag - s\u00f6ndag och en hel del kv\u00e4llsevenemang. V\u00e4lkomna!\",\"potentialAction\":[{\"@type\":\"SearchAction\",\"target\":{\"@type\":\"EntryPoint\",\"urlTemplate\":\"https:\\\/\\\/rosenhill.nu\\\/?s={search_term_string}\"},\"query-input\":{\"@type\":\"PropertyValueSpecification\",\"valueRequired\":true,\"valueName\":\"search_term_string\"}}],\"inLanguage\":\"sv-SE\"}]}<\/script>\n<!-- \/ Yoast SEO plugin. -->","yoast_head_json":{"title":"PRISLISTA LOKALUTHYRNING - Rosenhills Tr\u00e4dg\u00e5rd","robots":{"index":"index","follow":"follow","max-snippet":"max-snippet:-1","max-image-preview":"max-image-preview:large","max-video-preview":"max-video-preview:-1"},"canonical":"https:\/\/rosenhill.nu\/index.php\/prislista-lokaluthyrning\/","og_locale":"sv_SE","og_type":"article","og_title":"PRISLISTA LOKALUTHYRNING - Rosenhills Tr\u00e4dg\u00e5rd","og_description":"OBS: f\u00f6r br\u00f6llop har vi en separat prislistaTa g\u00e4rna kontakt med oss om ni \u00e4r intresserade av att hyra v\u00e5ra lokaler. Vi kan varaflexibla beroende p\u00e5 vad det \u00e4r f\u00f6r tillst\u00e4llning, \u00f6nskem\u00e5l osv. LADAN &amp; innerg\u00e5rd kapacitet: 100 personer sittandes. 150 personer utan bordsplacering.20 000 kr. (F\u00f6r br\u00f6llop se br\u00f6llopsguide) (Bara kv\u00e4llar 17.00 &#8211; 01.00)Ing\u00e5r: &hellip; Continue reading \"PRISLISTA LOKALUTHYRNING\"","og_url":"https:\/\/rosenhill.nu\/index.php\/prislista-lokaluthyrning\/","og_site_name":"Rosenhills Tr\u00e4dg\u00e5rd","article_modified_time":"2024-04-11T12:47:29+00:00","twitter_card":"summary_large_image","twitter_misc":{"Ber\u00e4knad l\u00e4stid":"2 minuter"},"schema":{"@context":"https:\/\/schema.org","@graph":[{"@type":"WebPage","@id":"https:\/\/rosenhill.nu\/index.php\/prislista-lokaluthyrning\/","url":"https:\/\/rosenhill.nu\/index.php\/prislista-lokaluthyrning\/","name":"PRISLISTA LOKALUTHYRNING - Rosenhills Tr\u00e4dg\u00e5rd","isPartOf":{"@id":"https:\/\/rosenhill.nu\/#website"},"datePublished":"2022-07-04T09:50:51+00:00","dateModified":"2024-04-11T12:47:29+00:00","breadcrumb":{"@id":"https:\/\/rosenhill.nu\/index.php\/prislista-lokaluthyrning\/#breadcrumb"},"inLanguage":"sv-SE","potentialAction":[{"@type":"ReadAction","target":["https:\/\/rosenhill.nu\/index.php\/prislista-lokaluthyrning\/"]}]},{"@type":"BreadcrumbList","@id":"https:\/\/rosenhill.nu\/index.php\/prislista-lokaluthyrning\/#breadcrumb","itemListElement":[{"@type":"ListItem","position":1,"name":"Hem","item":"https:\/\/rosenhill.nu\/"},{"@type":"ListItem","position":2,"name":"PRISLISTA LOKALUTHYRNING"}]},{"@type":"WebSite","@id":"https:\/\/rosenhill.nu\/#website","url":"https:\/\/rosenhill.nu\/","name":"Rosenhills Tr\u00e4dg\u00e5rd","description":"Nu h\u00e5ller vi \u00f6ppet fredag - s\u00f6ndag mellan kl 11 och 17. Valborgsm\u00e4ssoafton fr\u00e5n kl 18. Fr\u00e5n midsommar tisdag - s\u00f6ndag och en hel del kv\u00e4llsevenemang. V\u00e4lkomna!","potentialAction":[{"@type":"SearchAction","target":{"@type":"EntryPoint","urlTemplate":"https:\/\/rosenhill.nu\/?s={search_term_string}"},"query-input":{"@type":"PropertyValueSpecification","valueRequired":true,"valueName":"search_term_string"}}],"inLanguage":"sv-SE"}]}},"_links":{"self":[{"href":"https:\/\/rosenhill.nu\/index.php\/wp-json\/wp\/v2\/pages\/345","targetHints":{"allow":["GET"]}}],"collection":[{"href":"https:\/\/rosenhill.nu\/index.php\/wp-json\/wp\/v2\/pages"}],"about":[{"href":"https:\/\/rosenhill.nu\/index.php\/wp-json\/wp\/v2\/types\/page"}],"author":[{"embeddable":true,"href":"https:\/\/rosenhill.nu\/index.php\/wp-json\/wp\/v2\/users\/1"}],"replies":[{"embeddable":true,"href":"https:\/\/rosenhill.nu\/index.php\/wp-json\/wp\/v2\/comments?post=345"}],"version-history":[{"count":5,"href":"https:\/\/rosenhill.nu\/index.php\/wp-json\/wp\/v2\/pages\/345\/revisions"}],"predecessor-version":[{"id":925,"href":"https:\/\/rosenhill.nu\/index.php\/wp-json\/wp\/v2\/pages\/345\/revisions\/925"}],"wp:attachment":[{"href":"https:\/\/rosenhill.nu\/index.php\/wp-json\/wp\/v2\/media?parent=345"}],"curies":[{"name":"wp","href":"https:\/\/api.w.org\/{rel}","templated":true}]}}