{"id":67,"date":"2022-03-07T14:11:58","date_gmt":"2022-03-07T14:11:58","guid":{"rendered":"https:\/\/test.rosenhill.nu\/?page_id=67"},"modified":"2022-07-05T19:53:28","modified_gmt":"2022-07-05T19:53:28","slug":"om-oss-2","status":"publish","type":"page","link":"https:\/\/rosenhill.nu\/index.php\/om-oss-2\/","title":{"rendered":"Om oss"},"content":{"rendered":"\n<h2 class=\"wp-block-heading\">V\u00e4lkommen till Rosenhills Tr\u00e4dg\u00e5rd och Caf\u00e9!<\/h2>\n\n\n\n<p>En vacker tr\u00e4dg\u00e5rd fylld av v\u00e5r unika atmosf\u00e4r, h\u00e4rs\u00e5dda gr\u00f6dor, trevligt folk och god mat.<\/p>\n\n\n\n<p>F\u00f6r den som vill ha lite fakta har vi (aningen sl\u00f6tt) tagit lite av den info p\u00e5 engelska som finns p\u00e5 v\u00e5rt WWOOF-konto :<\/p>\n\n\n\n<p><strong>Area of property<\/strong>: 8.00 hectares<\/p>\n\n\n\n<p><strong>Certified Organic:\u00a0\u00a0Yes<\/strong> &#8211; KRAV<\/p>\n\n\n\n<p><strong>Methodologies<\/strong>:\u00a0Composting, Green manure<\/p>\n\n\n\n<p><strong>Practices<\/strong>:\u00a0berries, bread making, energy production, gardens, flowers, gardens, vegetable, gourmet cooking, greenhouse, orchards, seed saving<\/p>\n\n\n\n<p><strong>Animals<\/strong>:\u00a0cats, pigs and some birds  <\/p>\n\n\n\n<p><strong>Products made<\/strong>:\u00a0bread, bread, gluten free, cider, jam, Juice, Lemonade, preserves, Vegetables<\/p>\n\n\n\n<p>About a century ago Emilia\u2019s grandfather founded the garden and planted the first apple trees. Since then the place, like all the farms around, played a role supplying our capital Stockholm with vegetables, fruit and berries. In the beginning the products were carried by steamboats but from about 1925 it was possible to use the roads. In 1978 Emilia\u2019s parents opened a small juice factory to take care of fallen apples that could not be sold in the market. Since there is a good tradition around to plant apple trees in the garden when you build a house, it was soon found by other \u2018apple owners\u2019 who wanted to make juice from their harvest. Thirsty people came from all around to get the golden drink. When we, by the end of the last century, chose to take care of this place, we decided to turn the gardening into organic. We also found that it was a good idea to concentrate on letting people come here to get good fruit and vegetables, rather than sending these products to the market in town.<\/p>\n\n\n\n<p>To draw more people to us we started a caf\u00e9 and began to sell other things. We also found that the garden, due to its relaxed atmosphere, was a very nice meeting place. It was therefore a natural thing to give parties and arrange other gatherings here.<\/p>\n\n\n\n<p>One tradition is to hold a party every Saturday from midsummer until the end of august. The live music played during these varies from jazz to ethnic to rock\u00b4n roll and are usually very nice. During recent years however there is more often a private wedding or other \u2018external\u2019 party going on. Another tradition is to arrange a flea-market (car boot sale) in the parking field every Sunday from May until September.<\/p>\n\n\n\n<p>So, these days we operate as an organic and partly biodynamic farm and apple orchard, with a beautiful garden that supplies and inspires our seasonal kitchen, creating an enticing caf\u00e9 and relaxing, alternative place that many customers return to again and again to experience. We also have a boutique and \u2018kitchen-garden-shop\u2019 where we sell our vegetables, fruits, bread, honey, jams, pickles, preserves, cordials etc. (made using the gardens produce). When the apple season arrives at the middle of August, we come into full action with the \u2018Musteri\u2019 (juice factory) as well.<\/p>\n\n\n\n<p>For the caf\u00e9, garden, musteri, events and weddings we have a big, ever-evolving family of permanent staff, but as a wwoofer you will work together with us to keep all these elements rolling and spinning, helping out where needed and also driving yourself. It is a very dynamic place, so it is easy to find your own strengths and an area that you thrive in.<\/p>\n\n\n\n<p>Smoking is permitted (except in caf\u00e9 areas), but any use of illegal drugs is absolutely forbidden.<\/p>\n\n\n\n<p>Finally maybe you want to know something about the more permanent crew here. Emilia (inspiration) who was born here isn\u00b4t with us anymore but truly lives on in all of the beauty she gave this world, Lars her husband, Jenny (gardener), Valentijn (fixer), Ida , Carola, Clara and Clara, Sietske, Tinh, Vita, Noumaan, Sophia, Fredrik &#8230;to name some staying here during this winter (21\/22). Sometimes showing up: our lovely kids: Erik 31, Evelin 29 and SagaFreja 20 years old. the great caf\u00e9-kitchen-musteri-garden staff: lots of wonderfull people&#8230;.<\/p>\n","protected":false},"excerpt":{"rendered":"<p>V\u00e4lkommen till Rosenhills Tr\u00e4dg\u00e5rd och Caf\u00e9! En vacker tr\u00e4dg\u00e5rd fylld av v\u00e5r unika atmosf\u00e4r, h\u00e4rs\u00e5dda gr\u00f6dor, trevligt folk och god mat. F\u00f6r den som vill ha lite fakta har vi (aningen sl\u00f6tt) tagit lite av den info p\u00e5 engelska som finns p\u00e5 v\u00e5rt WWOOF-konto : Area of property: 8.00 hectares Certified Organic:\u00a0\u00a0Yes &#8211; KRAV Methodologies:\u00a0Composting, &hellip; <\/p>\n<p class=\"link-more\"><a href=\"https:\/\/rosenhill.nu\/index.php\/om-oss-2\/\" class=\"more-link\">Continue reading<span class=\"screen-reader-text\"> &#8221;Om oss&#8221;<\/span><\/a><\/p>\n","protected":false},"author":1,"featured_media":0,"parent":0,"menu_order":0,"comment_status":"closed","ping_status":"closed","template":"","meta":{"footnotes":""},"class_list":["post-67","page","type-page","status-publish","hentry"],"yoast_head":"<!-- This site is optimized with the Yoast SEO plugin v27.4 - https:\/\/yoast.com\/product\/yoast-seo-wordpress\/ -->\n<title>Om oss - Rosenhills Tr\u00e4dg\u00e5rd<\/title>\n<meta name=\"robots\" content=\"index, follow, max-snippet:-1, max-image-preview:large, max-video-preview:-1\" \/>\n<link rel=\"canonical\" href=\"https:\/\/rosenhill.nu\/index.php\/om-oss-2\/\" \/>\n<meta property=\"og:locale\" content=\"sv_SE\" \/>\n<meta property=\"og:type\" content=\"article\" \/>\n<meta property=\"og:title\" content=\"Om oss - Rosenhills Tr\u00e4dg\u00e5rd\" \/>\n<meta property=\"og:description\" content=\"V\u00e4lkommen till Rosenhills Tr\u00e4dg\u00e5rd och Caf\u00e9! En vacker tr\u00e4dg\u00e5rd fylld av v\u00e5r unika atmosf\u00e4r, h\u00e4rs\u00e5dda gr\u00f6dor, trevligt folk och god mat. F\u00f6r den som vill ha lite fakta har vi (aningen sl\u00f6tt) tagit lite av den info p\u00e5 engelska som finns p\u00e5 v\u00e5rt WWOOF-konto : Area of property: 8.00 hectares Certified Organic:\u00a0\u00a0Yes &#8211; KRAV Methodologies:\u00a0Composting, &hellip; Continue reading &quot;Om oss&quot;\" \/>\n<meta property=\"og:url\" content=\"https:\/\/rosenhill.nu\/index.php\/om-oss-2\/\" \/>\n<meta property=\"og:site_name\" content=\"Rosenhills Tr\u00e4dg\u00e5rd\" \/>\n<meta property=\"article:modified_time\" content=\"2022-07-05T19:53:28+00:00\" \/>\n<meta name=\"twitter:card\" content=\"summary_large_image\" \/>\n<meta name=\"twitter:label1\" content=\"Ber\u00e4knad l\u00e4stid\" \/>\n\t<meta name=\"twitter:data1\" content=\"3 minuter\" \/>\n<script type=\"application\/ld+json\" class=\"yoast-schema-graph\">{\"@context\":\"https:\\\/\\\/schema.org\",\"@graph\":[{\"@type\":\"WebPage\",\"@id\":\"https:\\\/\\\/rosenhill.nu\\\/index.php\\\/om-oss-2\\\/\",\"url\":\"https:\\\/\\\/rosenhill.nu\\\/index.php\\\/om-oss-2\\\/\",\"name\":\"Om oss - Rosenhills Tr\u00e4dg\u00e5rd\",\"isPartOf\":{\"@id\":\"https:\\\/\\\/rosenhill.nu\\\/#website\"},\"datePublished\":\"2022-03-07T14:11:58+00:00\",\"dateModified\":\"2022-07-05T19:53:28+00:00\",\"breadcrumb\":{\"@id\":\"https:\\\/\\\/rosenhill.nu\\\/index.php\\\/om-oss-2\\\/#breadcrumb\"},\"inLanguage\":\"sv-SE\",\"potentialAction\":[{\"@type\":\"ReadAction\",\"target\":[\"https:\\\/\\\/rosenhill.nu\\\/index.php\\\/om-oss-2\\\/\"]}]},{\"@type\":\"BreadcrumbList\",\"@id\":\"https:\\\/\\\/rosenhill.nu\\\/index.php\\\/om-oss-2\\\/#breadcrumb\",\"itemListElement\":[{\"@type\":\"ListItem\",\"position\":1,\"name\":\"Hem\",\"item\":\"https:\\\/\\\/rosenhill.nu\\\/\"},{\"@type\":\"ListItem\",\"position\":2,\"name\":\"Om oss\"}]},{\"@type\":\"WebSite\",\"@id\":\"https:\\\/\\\/rosenhill.nu\\\/#website\",\"url\":\"https:\\\/\\\/rosenhill.nu\\\/\",\"name\":\"Rosenhills Tr\u00e4dg\u00e5rd\",\"description\":\"Nu h\u00e5ller vi \u00f6ppet fredag - s\u00f6ndag mellan kl 11 och 17. Valborgsm\u00e4ssoafton fr\u00e5n kl 18. Fr\u00e5n midsommar tisdag - s\u00f6ndag och en hel del kv\u00e4llsevenemang. V\u00e4lkomna!\",\"potentialAction\":[{\"@type\":\"SearchAction\",\"target\":{\"@type\":\"EntryPoint\",\"urlTemplate\":\"https:\\\/\\\/rosenhill.nu\\\/?s={search_term_string}\"},\"query-input\":{\"@type\":\"PropertyValueSpecification\",\"valueRequired\":true,\"valueName\":\"search_term_string\"}}],\"inLanguage\":\"sv-SE\"}]}<\/script>\n<!-- \/ Yoast SEO plugin. -->","yoast_head_json":{"title":"Om oss - Rosenhills Tr\u00e4dg\u00e5rd","robots":{"index":"index","follow":"follow","max-snippet":"max-snippet:-1","max-image-preview":"max-image-preview:large","max-video-preview":"max-video-preview:-1"},"canonical":"https:\/\/rosenhill.nu\/index.php\/om-oss-2\/","og_locale":"sv_SE","og_type":"article","og_title":"Om oss - Rosenhills Tr\u00e4dg\u00e5rd","og_description":"V\u00e4lkommen till Rosenhills Tr\u00e4dg\u00e5rd och Caf\u00e9! En vacker tr\u00e4dg\u00e5rd fylld av v\u00e5r unika atmosf\u00e4r, h\u00e4rs\u00e5dda gr\u00f6dor, trevligt folk och god mat. F\u00f6r den som vill ha lite fakta har vi (aningen sl\u00f6tt) tagit lite av den info p\u00e5 engelska som finns p\u00e5 v\u00e5rt WWOOF-konto : Area of property: 8.00 hectares Certified Organic:\u00a0\u00a0Yes &#8211; KRAV Methodologies:\u00a0Composting, &hellip; Continue reading \"Om oss\"","og_url":"https:\/\/rosenhill.nu\/index.php\/om-oss-2\/","og_site_name":"Rosenhills Tr\u00e4dg\u00e5rd","article_modified_time":"2022-07-05T19:53:28+00:00","twitter_card":"summary_large_image","twitter_misc":{"Ber\u00e4knad l\u00e4stid":"3 minuter"},"schema":{"@context":"https:\/\/schema.org","@graph":[{"@type":"WebPage","@id":"https:\/\/rosenhill.nu\/index.php\/om-oss-2\/","url":"https:\/\/rosenhill.nu\/index.php\/om-oss-2\/","name":"Om oss - Rosenhills Tr\u00e4dg\u00e5rd","isPartOf":{"@id":"https:\/\/rosenhill.nu\/#website"},"datePublished":"2022-03-07T14:11:58+00:00","dateModified":"2022-07-05T19:53:28+00:00","breadcrumb":{"@id":"https:\/\/rosenhill.nu\/index.php\/om-oss-2\/#breadcrumb"},"inLanguage":"sv-SE","potentialAction":[{"@type":"ReadAction","target":["https:\/\/rosenhill.nu\/index.php\/om-oss-2\/"]}]},{"@type":"BreadcrumbList","@id":"https:\/\/rosenhill.nu\/index.php\/om-oss-2\/#breadcrumb","itemListElement":[{"@type":"ListItem","position":1,"name":"Hem","item":"https:\/\/rosenhill.nu\/"},{"@type":"ListItem","position":2,"name":"Om oss"}]},{"@type":"WebSite","@id":"https:\/\/rosenhill.nu\/#website","url":"https:\/\/rosenhill.nu\/","name":"Rosenhills Tr\u00e4dg\u00e5rd","description":"Nu h\u00e5ller vi \u00f6ppet fredag - s\u00f6ndag mellan kl 11 och 17. Valborgsm\u00e4ssoafton fr\u00e5n kl 18. Fr\u00e5n midsommar tisdag - s\u00f6ndag och en hel del kv\u00e4llsevenemang. V\u00e4lkomna!","potentialAction":[{"@type":"SearchAction","target":{"@type":"EntryPoint","urlTemplate":"https:\/\/rosenhill.nu\/?s={search_term_string}"},"query-input":{"@type":"PropertyValueSpecification","valueRequired":true,"valueName":"search_term_string"}}],"inLanguage":"sv-SE"}]}},"_links":{"self":[{"href":"https:\/\/rosenhill.nu\/index.php\/wp-json\/wp\/v2\/pages\/67","targetHints":{"allow":["GET"]}}],"collection":[{"href":"https:\/\/rosenhill.nu\/index.php\/wp-json\/wp\/v2\/pages"}],"about":[{"href":"https:\/\/rosenhill.nu\/index.php\/wp-json\/wp\/v2\/types\/page"}],"author":[{"embeddable":true,"href":"https:\/\/rosenhill.nu\/index.php\/wp-json\/wp\/v2\/users\/1"}],"replies":[{"embeddable":true,"href":"https:\/\/rosenhill.nu\/index.php\/wp-json\/wp\/v2\/comments?post=67"}],"version-history":[{"count":4,"href":"https:\/\/rosenhill.nu\/index.php\/wp-json\/wp\/v2\/pages\/67\/revisions"}],"predecessor-version":[{"id":357,"href":"https:\/\/rosenhill.nu\/index.php\/wp-json\/wp\/v2\/pages\/67\/revisions\/357"}],"wp:attachment":[{"href":"https:\/\/rosenhill.nu\/index.php\/wp-json\/wp\/v2\/media?parent=67"}],"curies":[{"name":"wp","href":"https:\/\/api.w.org\/{rel}","templated":true}]}}